+ 7. Suppose 0 = -z*o + o - 2. Calculate the highest common factor of o and 2.
2
Suppose 1779*o - 1801*o = -110. What is the greatest common divisor of 2 and o?
1
Let c = 1001 - 917. What is the highest common divisor of c and 966?
42
Let c be (1 + -25)*(-3 + 2). Let b(v) = -v**2 + 6*v - 2. Let l = 11 + -6. Let z be b(l). Calculate the highest common divisor of z and c.
3
Suppose 4 = 2*z - 22. Suppose -5*j - 50 = -g, 2*g - 2*j - 81 + z = 0. Calculate the greatest common factor of g and 20.
10
Suppose -8*m = -10*m + 26. Let a(u) = 10*u**2 - 3*u + 4. Let f be a(-3). Suppose -5*q = 38 - f. What is the highest common factor of m and q?
13
Let h(z) = 4*z - 1. Let y be h(5). Let k = y + -10. What is the highest common divisor of 1 and k?
1
Let d be (-3 - -1)/(1/2) - -3. Let u = 4 + d. What is the greatest common factor of 39 and u?
3
Suppose -80 = 2*k - 6*k. Let p = k - 20. Suppose -5*j = -4*x + 44, p*j = 4*j. Calculate the greatest common factor of 77 and x.
11
Suppose -3*r = 1 - 10. Suppose r*m = 6*m - 15. Suppose 2*g = m*g - 231. Calculate the highest common factor of g and 7.
7
Let z = 217 + -73. What is the greatest common factor of 64 and z?
16
Let c = 36 + -19. Suppose -4*j - c = -5*a - j, -2*j + 6 = a. Calculate the highest common divisor of 36 and a.
4
Suppose -5*a + 51 = -3*x, -2*a + 12 = -2*x - 6. Let n be (-13*12/117)/((-1)/(288/2)). Calculate the greatest common factor of n and a.
12
Suppose 2*l = -5*y + 3*y + 8, 3*y = 2*l + 27. Calculate the greatest common divisor of y and 77.
7
Let w(s) = -s**3 - 7*s**2 + 15*s + 15. Let f(t) = -4*t + 19. Let g be f(7). Let d be w(g). Suppose -4 = -p + 17. What is the highest common factor of p and d?
21
Let n be (-78)/6*1*-7. Calculate the greatest common divisor of n and 52.
13
Let u(m) = m**3 + 5*m**2 + 2*m + 6. Let n be u(-4). Suppose 0*q = 5*l - q - 352, -3*l = -5*q - 220. What is the highest common divisor of l and n?
14
Let f be 2/9 + 2836/36 + -4. Let d = f - 73. What is the greatest common divisor of d and 14?
2
Suppose 2*x = 4 + 72. Let a = -20 + x. Let l = -47 - -83. Calculate the highest common divisor of a and l.
18
Suppose 0 = -4*h + 35 + 21. Let b = -31 + h. Let i = 61 + b. Calculate the highest common divisor of 4 and i.
4
Suppose 0 = -2*l - 3*l - o + 817, 3*o = -3*l + 495. Calculate the greatest common divisor of 1 and l.
1
Suppose -8*m + 2291 = -1317. Calculate the greatest common factor of m and 11.
11
Let u(j) = -j + 125. Let h be u(53). What is the greatest common factor of 24 and h?
24
Let w(v) = -v**2 - 11*v + 10. Let q be w(-12). Let i = 10 - q. Calculate the greatest common factor of 120 and i.
12
Suppose -3*o = 3*h + 9, 0 = -2*o + 5*h - 0*h - 20. Let d be 0 + (-15)/o + 22. Calculate the highest common factor of 75 and d.
25
Let v be 33/2 + 2*2/(-8). Let a = 56 + 24. What is the highest common factor of v and a?
16
Let q be (224/(-70))/(3/(-30)). Suppose -d + 5 = 4*d. Let r = 3 + d. Calculate the highest common divisor of q and r.
4
Let k(h) = -h + 12. Suppose -2*d + 6 = 2*u + 2*u, 0 = -5*d - u + 33. Let s be 99/21 - (-2)/d. Let t be k(s). What is the greatest common factor of t and 7?
7
Let x(j) = 2*j**3 + 14*j**2 - 6*j - 39. Let s be x(-7). Calculate the highest common divisor of 51 and s.
3
Let v(u) = 24*u - 2. Suppose z - 4 = -2. Let s be v(z). Calculate the greatest common divisor of 115 and s.
23
Suppose -5*g + 202 = -148. Let n be (69/(-46))/(1/(-2)) - -25. Calculate the highest common factor of n and g.
14
Suppose -2*j = 2*k + 6, 0 = j - 3*j - 5*k - 3. Let b be 6 - (j + 8 + -4). Suppose 3*m - 30 = b. What is the highest common factor of m and 84?
12
Let u be (-14 + 232/16)*(-1 + 3441). Calculate the highest common divisor of u and 258.
86
Suppose 2*y - 5*y = p - 98, -114 = -p + 5*y. Suppose m = -0*m - 260. Let w be ((-2)/(-4))/((-10)/m). What is the highest common divisor of w and p?
13
Suppose 32 = 4*b - 2*b. Let m be (-8)/(-1 - (-25)/30). What is the greatest common factor of m and b?
16
Let r be 2/((-2)/148*-4). What is the highest common factor of r and 37?
37
Suppose -12 = -3*j + 3*k, 0 = -0*j - 2*j - 4*k - 10. Let r be (j + -5)*10/(-4). Let g be (-460)/(-45) + 2/(-9). Calculate the greatest common factor of r and g.
10
Suppose -8*j + 2341 = -1691. Calculate the highest common divisor of j and 63.
63
Let v(a) = a**3 + 2*a + 19. Let u be v(0). Calculate the greatest common divisor of u and 437.
19
Let j = 2 + 5. Suppose j*i - 5*i = 6. Calculate the highest common factor of 3 and i.
3
Let m(u) = 5*u**2 - 2*u - 11. Let s be m(-3). Calculate the greatest common divisor of 28 and s.
4
Let n = 307 + -294. Calculate the greatest common factor of 3744 and n.
13
Let v = 301 - -266. What is the greatest common divisor of 18 and v?
9
Let o = -26 - -48. Let f = o - -8. Let j = -4 + 19. What is the greatest common factor of f and j?
15
Let r(k) = k**2 + 2*k + 1. Let m be r(-7). Let v(f) = f**3 + 3*f**2 - 4*f**2 + 14 + 21 - f - 11. Let t be v(0). What is the greatest common factor of m and t?
12
Let n(p) = -37*p + 173. Let i be n(4). What is the highest common divisor of i and 385?
5
Suppose 471 = 17*y + 46. Calculate the highest common divisor of 45 and y.
5
Suppose -4*x + 4321 = -5*k - 592, x - 2*k = 1232. Calculate the highest common divisor of x and 188.
94
Let b be 14/(328/(-28) - -7 - -5). What is the highest common divisor of b and 21?
7
Let v = 255 + 1334. Calculate the highest common factor of 7 and v.
7
Let d = -2 - -2. Suppose d = -5*p + 5 + 10. What is the highest common divisor of 33 and p?
3
Suppose -19 = -h - 44. Let o = h + 53. Suppose -5*p + 2 = 4*j - 10, 3*p = -5*j + 2. Calculate the highest common divisor of p and o.
4
Suppose 1 = -z + x + 21, 2*x = -4. Let i = -6 + 8. Let u = 8 - i. Calculate the highest common factor of z and u.
6
Let h be -2 - 5*201*-1. Suppose 31 - h = -6*s. Let k be (-10)/(-75) + (-268)/(-15). What is the greatest common factor of k and s?
18
Let j(o) = 3*o**3 + 6*o**2 - 11*o + 4. Let d be j(4). Calculate the greatest common divisor of 93 and d.
31
Suppose 960 = 3*x + 2*x. Suppose 4*m + n - 14 = x, 4*m - 5*n - 218 = 0. Calculate the highest common factor of 130 and m.
26
Suppose -1773*v + 1784*v = 2640. Let a = 38 - 23. Calculate the greatest common divisor of a and v.
15
Let a(x) = -x**3 - 17*x**2 - 80*x - 12. Let r be a(-14). What is the greatest common divisor of 8 and r?
8
Let b = -491 - -496. Calculate the highest common divisor of 11 and b.
1
Suppose 0 = 19*r + 985 - 4329. What is the greatest common divisor of 77 and r?
11
Let n(h) = h**2 - 7*h + 122. Let s be n(12). What is the greatest common divisor of 26 and s?
26
Let p(v) = v**3 - 8*v**2 - 13*v + 18. Suppose 14*h - 36 = 10*h. Let d be p(h). Let i = 23 + d. Calculate the highest common factor of 5 and i.
5
Let p(y) = 7*y**2 + 37*y - 143. Let z be p(4). Calculate the highest common factor of 221 and z.
13
Let v = 95 + -8. Suppose 2*c - 4*z + 42 = 0, -z - v = 5*c - 5*z. Let x be 2/(-5) - 96/c. What is the greatest common factor of 30 and x?
6
Suppose 40*t = 14*t + 4784. Calculate the highest common divisor of t and 115.
23
Let d(l) = 15*l - 60. Let z be d(21). Calculate the highest common divisor of 51 and z.
51
Let x(m) = -2*m**3 + 19*m**2 - 2*m - 49. Let u be x(9). What is the greatest common factor of 434 and u?
14
Let q be 8/3*3/2. Suppose q = -6*x + 8*x. Suppose -x*c + c + 9 = 0. What is the highest common factor of 6 and c?
3
Let s(b) = -b**3 - 12*b**2 + 11*b - 13. Let x be s(-13). Calculate the greatest common divisor of x and 3.
1
Suppose 0 = 3*a + a - 16. Suppose -a = -5*b + 206. Let z be (27/2)/(b/224). Calculate the highest common divisor of z and 18.
18
Let r(j) = 5*j - 62 + 3*j + 54. Let o be r(8). Calculate the greatest common divisor of 7 and o.
7
Let o be ((-15)/(-4))/(27/72). Suppose 23*a = 26*a - 270. What is the highest common factor of o and a?
10
Let y be (-1280)/(-12) + -2 + (-7)/(-3). Let w = -101 + y. Calculate the greatest common factor of 2 and w.
2
Suppose 34*l - 594 = 31*l. What is the greatest common divisor of l and 90?
18
Suppose -5*r + n + 125 = 0, 0 = -0*r - 2*r - 4*n + 72. Suppose 6*v - r = 16. Calculate the greatest common factor of v and 28.
7
Suppose -5*r = -96 - 104. Suppose r = 11*z - 6*z. Calculate the highest common divisor of 40 and